{"id":1670,"date":"2026-02-11T10:22:45","date_gmt":"2026-02-11T09:22:45","guid":{"rendered":"https:\/\/acquasport.it\/vendita-piscine\/?page_id=1670"},"modified":"2026-02-11T14:38:10","modified_gmt":"2026-02-11T13:38:10","slug":"costruzione-piscine-copy-2","status":"publish","type":"page","link":"https:\/\/acquasport.it\/vendita-piscine\/costruzione-piscine-copy-2\/","title":{"rendered":"Tapparella per piscina"},"content":{"rendered":"\t\t<div data-elementor-type=\"wp-page\" data-elementor-id=\"1670\" class=\"elementor elementor-1670\" data-elementor-post-type=\"page\">\n\t\t\t\t<div class=\"elementor-element elementor-element-5f99a23 e-con-full e-flex e-con e-parent\" data-id=\"5f99a23\" data-element_type=\"container\" data-e-type=\"container\">\n\t\t\t\t<div class=\"elementor-element elementor-element-74629de elementor--h-position-center elementor--v-position-middle elementor-arrows-position-inside elementor-pagination-position-inside elementor-widget elementor-widget-slides\" data-id=\"74629de\" data-element_type=\"widget\" data-e-type=\"widget\" data-settings=\"{&quot;navigation&quot;:&quot;both&quot;,&quot;autoplay&quot;:&quot;yes&quot;,&quot;pause_on_hover&quot;:&quot;yes&quot;,&quot;pause_on_interaction&quot;:&quot;yes&quot;,&quot;autoplay_speed&quot;:5000,&quot;infinite&quot;:&quot;yes&quot;,&quot;transition&quot;:&quot;slide&quot;,&quot;transition_speed&quot;:500}\" data-widget_type=\"slides.default\">\n\t\t\t\t\t\t\t\t\t\t<div class=\"elementor-slides-wrapper elementor-main-swiper swiper\" role=\"region\" aria-roledescription=\"carousel\" aria-label=\"Slides\" dir=\"ltr\" data-animation=\"fadeInUp\">\n\t\t\t\t<div class=\"swiper-wrapper elementor-slides\">\n\t\t\t\t\t\t\t\t\t\t<div class=\"elementor-repeater-item-bbfeccc swiper-slide\" role=\"group\" aria-roledescription=\"slide\"><div class=\"swiper-slide-bg elementor-ken-burns elementor-ken-burns--in\" role=\"img\" aria-label=\"\"><\/div><div class=\"swiper-slide-inner\" ><div class=\"swiper-slide-contents\"><div class=\"elementor-slide-heading\">Tapparella per piscina<\/div><\/div><\/div><\/div>\t\t\t\t<\/div>\n\t\t\t\t\t\t\t<\/div>\n\t\t\t\t\t\t\t\t<\/div>\n\t\t\t\t<\/div>\n\t\t<div class=\"elementor-element elementor-element-4974e52 e-flex e-con-boxed e-con e-parent\" data-id=\"4974e52\" data-element_type=\"container\" data-e-type=\"container\">\n\t\t\t\t\t<div class=\"e-con-inner\">\n\t\t<div class=\"elementor-element elementor-element-4f002ab e-con-full e-flex e-con e-child\" data-id=\"4f002ab\" data-element_type=\"container\" data-e-type=\"container\">\n\t\t\t\t<div class=\"elementor-element elementor-element-09030c4 elementor-widget elementor-widget-heading\" data-id=\"09030c4\" data-element_type=\"widget\" data-e-type=\"widget\" data-widget_type=\"heading.default\">\n\t\t\t\t\t<h2 class=\"elementor-heading-title elementor-size-default\">Estetica e funzionalit\u00e0<\/h2>\t\t\t\t<\/div>\n\t\t\t\t<div class=\"elementor-element elementor-element-1c2fb25 elementor-widget elementor-widget-heading\" data-id=\"1c2fb25\" data-element_type=\"widget\" data-e-type=\"widget\" data-widget_type=\"heading.default\">\n\t\t\t\t\t<h2 class=\"elementor-heading-title elementor-size-default\">Tapparella per piscina<\/h2>\t\t\t\t<\/div>\n\t\t\t\t<div class=\"elementor-element elementor-element-2916bad elementor-widget elementor-widget-text-editor\" data-id=\"2916bad\" data-element_type=\"widget\" data-e-type=\"widget\" data-widget_type=\"text-editor.default\">\n\t\t\t\t\t\t\t\t\t<p><strong>Coperture per piscine di qualsiasi dimensione \u2013 Perugia e Umbria:<\/strong><br \/>La copertura a tapparella della piscina unisce estetica e funzionalit\u00e0. Oltre che bella ed elegante infatti offre altri numerosi vantaggi.<br \/>Innanzitutto limita la dispersione termica nelle ore pi\u00f9 fresche della giornata riducendo al minimo le perdite di calore.<br \/>Impedisce l\u2019evaporazione dell\u2019acqua permettendo anche un buon risparmio di prodotti chimici.<br \/>Sicurezza. Con una tapparella la piscina non \u00e8 pericolosa per bambini, persone esuberanti o animali domestici.<br \/>Le tapparelle possono essere progettate in fase di costruzione o installate su piscine gi\u00e0 esistenti. Il rullo motorizzato pu\u00f2 essere esterno o integrato nella struttura della piscina, ed esiste una buona variet\u00e0 di profili, sia nei materiali che nei colori.<br \/>Piscina elegante, pulita e sicura.<\/p>\t\t\t\t\t\t\t\t<\/div>\n\t\t\t\t<div class=\"elementor-element elementor-element-9ad8359 elementor-align-center elementor-widget elementor-widget-button\" data-id=\"9ad8359\" data-element_type=\"widget\" data-e-type=\"widget\" data-widget_type=\"button.default\">\n\t\t\t\t\t\t\t\t\t\t<a class=\"elementor-button elementor-button-link elementor-size-sm\" href=\"https:\/\/acquasport.it\/vendita-piscine\/contatti\/\">\n\t\t\t\t\t\t<span class=\"elementor-button-content-wrapper\">\n\t\t\t\t\t\t<span class=\"elementor-button-icon\">\n\t\t\t\t<svg aria-hidden=\"true\" class=\"e-font-icon-svg e-fas-info-circle\" viewBox=\"0 0 512 512\" xmlns=\"http:\/\/www.w3.org\/2000\/svg\"><path d=\"M256 8C119.043 8 8 119.083 8 256c0 136.997 111.043 248 248 248s248-111.003 248-248C504 119.083 392.957 8 256 8zm0 110c23.196 0 42 18.804 42 42s-18.804 42-42 42-42-18.804-42-42 18.804-42 42-42zm56 254c0 6.627-5.373 12-12 12h-88c-6.627 0-12-5.373-12-12v-24c0-6.627 5.373-12 12-12h12v-64h-12c-6.627 0-12-5.373-12-12v-24c0-6.627 5.373-12 12-12h64c6.627 0 12 5.373 12 12v100h12c6.627 0 12 5.373 12 12v24z\"><\/path><\/svg>\t\t\t<\/span>\n\t\t\t\t\t\t\t\t\t<span class=\"elementor-button-text\">Ulteriori informazioni <\/span>\n\t\t\t\t\t<\/span>\n\t\t\t\t\t<\/a>\n\t\t\t\t\t\t\t\t<\/div>\n\t\t\t\t<\/div>\n\t\t<div class=\"elementor-element elementor-element-da261bb e-con-full e-flex e-con e-child\" data-id=\"da261bb\" data-element_type=\"container\" data-e-type=\"container\">\n\t\t\t\t<div class=\"elementor-element elementor-element-5aff125 elementor-widget elementor-widget-image\" data-id=\"5aff125\" data-element_type=\"widget\" data-e-type=\"widget\" data-widget_type=\"image.default\">\n\t\t\t\t\t\t\t\t\t\t\t\t\t\t\t\t<a href=\"https:\/\/acquasport.it\/vendita-piscine\/wp-content\/uploads\/2026\/02\/o_1b1mr5l27roi1tuk1ee21lom1qbna-1-1024x768-1.jpg\" data-elementor-open-lightbox=\"yes\" data-e-action-hash=\"#elementor-action%3Aaction%3Dlightbox%26settings%3DeyJpZCI6MTcwNSwidXJsIjoiaHR0cHM6XC9cL2FjcXVhc3BvcnQuaXRcL3ZlbmRpdGEtcGlzY2luZVwvd3AtY29udGVudFwvdXBsb2Fkc1wvMjAyNlwvMDJcL29fMWIxbXI1bDI3cm9pMXR1azFlZTIxbG9tMXFibmEtMS0xMDI0eDc2OC0xLmpwZyJ9\">\n\t\t\t\t\t\t\t<img fetchpriority=\"high\" decoding=\"async\" width=\"1024\" height=\"768\" src=\"https:\/\/acquasport.it\/vendita-piscine\/wp-content\/uploads\/2026\/02\/o_1b1mr5l27roi1tuk1ee21lom1qbna-1-1024x768-1.jpg\" class=\"attachment-full size-full wp-image-1705\" alt=\"\" srcset=\"https:\/\/acquasport.it\/vendita-piscine\/wp-content\/uploads\/2026\/02\/o_1b1mr5l27roi1tuk1ee21lom1qbna-1-1024x768-1.jpg 1024w, https:\/\/acquasport.it\/vendita-piscine\/wp-content\/uploads\/2026\/02\/o_1b1mr5l27roi1tuk1ee21lom1qbna-1-1024x768-1-300x225.jpg 300w, https:\/\/acquasport.it\/vendita-piscine\/wp-content\/uploads\/2026\/02\/o_1b1mr5l27roi1tuk1ee21lom1qbna-1-1024x768-1-768x576.jpg 768w\" sizes=\"(max-width: 1024px) 100vw, 1024px\" \/>\t\t\t\t\t\t\t\t<\/a>\n\t\t\t\t\t\t\t\t\t\t\t\t\t\t\t<\/div>\n\t\t\t\t<\/div>\n\t\t\t\t\t<\/div>\n\t\t\t\t<\/div>\n\t\t<div class=\"elementor-element elementor-element-1defd1e e-flex e-con-boxed e-con e-parent\" data-id=\"1defd1e\" data-element_type=\"container\" data-e-type=\"container\">\n\t\t\t\t\t<div class=\"e-con-inner\">\n\t\t<div class=\"elementor-element elementor-element-3237f2b e-con-full e-flex e-con e-child\" data-id=\"3237f2b\" data-element_type=\"container\" data-e-type=\"container\">\n\t\t\t\t<div class=\"elementor-element elementor-element-1d2e042 elementor-widget elementor-widget-heading\" data-id=\"1d2e042\" data-element_type=\"widget\" data-e-type=\"widget\" data-widget_type=\"heading.default\">\n\t\t\t\t\t<h2 class=\"elementor-heading-title elementor-size-default\">Profili Tapparelle<\/h2>\t\t\t\t<\/div>\n\t\t\t\t<\/div>\n\t\t\t\t\t<\/div>\n\t\t\t\t<\/div>\n\t\t<div class=\"elementor-element elementor-element-11c935f e-flex e-con-boxed e-con e-parent\" data-id=\"11c935f\" data-element_type=\"container\" data-e-type=\"container\">\n\t\t\t\t\t<div class=\"e-con-inner\">\n\t\t<div class=\"elementor-element elementor-element-ca4256c e-con-full e-flex e-con e-child\" data-id=\"ca4256c\" data-element_type=\"container\" data-e-type=\"container\">\n\t\t<div class=\"elementor-element elementor-element-303cb30 e-con-full e-flex e-con e-child\" data-id=\"303cb30\" data-element_type=\"container\" data-e-type=\"container\">\n\t\t\t\t<div class=\"elementor-element elementor-element-e8ab004 elementor-widget elementor-widget-image\" data-id=\"e8ab004\" data-element_type=\"widget\" data-e-type=\"widget\" data-widget_type=\"image.default\">\n\t\t\t\t\t\t\t\t\t\t\t\t\t\t\t\t<a href=\"https:\/\/acquasport.it\/vendita-piscine\/wp-content\/uploads\/2026\/02\/34.jpg\" data-elementor-open-lightbox=\"yes\" data-e-action-hash=\"#elementor-action%3Aaction%3Dlightbox%26settings%3DeyJpZCI6MTc1NywidXJsIjoiaHR0cHM6XC9cL2FjcXVhc3BvcnQuaXRcL3ZlbmRpdGEtcGlzY2luZVwvd3AtY29udGVudFwvdXBsb2Fkc1wvMjAyNlwvMDJcLzM0LmpwZyJ9\">\n\t\t\t\t\t\t\t<img decoding=\"async\" width=\"400\" height=\"400\" src=\"https:\/\/acquasport.it\/vendita-piscine\/wp-content\/uploads\/2026\/02\/34.jpg\" class=\"attachment-full size-full wp-image-1757\" alt=\"\" srcset=\"https:\/\/acquasport.it\/vendita-piscine\/wp-content\/uploads\/2026\/02\/34.jpg 400w, https:\/\/acquasport.it\/vendita-piscine\/wp-content\/uploads\/2026\/02\/34-300x300.jpg 300w, https:\/\/acquasport.it\/vendita-piscine\/wp-content\/uploads\/2026\/02\/34-150x150.jpg 150w\" sizes=\"(max-width: 400px) 100vw, 400px\" \/>\t\t\t\t\t\t\t\t<\/a>\n\t\t\t\t\t\t\t\t\t\t\t\t\t\t\t<\/div>\n\t\t\t\t<\/div>\n\t\t\t\t<div class=\"elementor-element elementor-element-21799c2 elementor-align-center elementor-widget elementor-widget-button\" data-id=\"21799c2\" data-element_type=\"widget\" data-e-type=\"widget\" data-widget_type=\"button.default\">\n\t\t\t\t\t\t\t\t\t\t<a class=\"elementor-button elementor-button-link elementor-size-sm\" href=\"https:\/\/acquasport.it\/vendita-piscine\/contatti\/\">\n\t\t\t\t\t\t<span class=\"elementor-button-content-wrapper\">\n\t\t\t\t\t\t<span class=\"elementor-button-icon\">\n\t\t\t\t<svg aria-hidden=\"true\" class=\"e-font-icon-svg e-fas-info-circle\" viewBox=\"0 0 512 512\" xmlns=\"http:\/\/www.w3.org\/2000\/svg\"><path d=\"M256 8C119.043 8 8 119.083 8 256c0 136.997 111.043 248 248 248s248-111.003 248-248C504 119.083 392.957 8 256 8zm0 110c23.196 0 42 18.804 42 42s-18.804 42-42 42-42-18.804-42-42 18.804-42 42-42zm56 254c0 6.627-5.373 12-12 12h-88c-6.627 0-12-5.373-12-12v-24c0-6.627 5.373-12 12-12h12v-64h-12c-6.627 0-12-5.373-12-12v-24c0-6.627 5.373-12 12-12h64c6.627 0 12 5.373 12 12v100h12c6.627 0 12 5.373 12 12v24z\"><\/path><\/svg>\t\t\t<\/span>\n\t\t\t\t\t\t\t\t\t<span class=\"elementor-button-text\">Ulteriori informazioni <\/span>\n\t\t\t\t\t<\/span>\n\t\t\t\t\t<\/a>\n\t\t\t\t\t\t\t\t<\/div>\n\t\t\t\t<\/div>\n\t\t<div class=\"elementor-element elementor-element-76f868d e-con-full e-flex e-con e-child\" data-id=\"76f868d\" data-element_type=\"container\" data-e-type=\"container\">\n\t\t\t\t<div class=\"elementor-element elementor-element-fb9f201 elementor-widget elementor-widget-image\" data-id=\"fb9f201\" data-element_type=\"widget\" data-e-type=\"widget\" data-widget_type=\"image.default\">\n\t\t\t\t\t\t\t\t\t\t\t\t\t\t\t\t<a href=\"https:\/\/acquasport.it\/vendita-piscine\/wp-content\/uploads\/2026\/02\/35.jpg\" data-elementor-open-lightbox=\"yes\" data-e-action-hash=\"#elementor-action%3Aaction%3Dlightbox%26settings%3DeyJpZCI6MTc1OCwidXJsIjoiaHR0cHM6XC9cL2FjcXVhc3BvcnQuaXRcL3ZlbmRpdGEtcGlzY2luZVwvd3AtY29udGVudFwvdXBsb2Fkc1wvMjAyNlwvMDJcLzM1LmpwZyJ9\">\n\t\t\t\t\t\t\t<img decoding=\"async\" width=\"400\" height=\"400\" src=\"https:\/\/acquasport.it\/vendita-piscine\/wp-content\/uploads\/2026\/02\/35.jpg\" class=\"attachment-full size-full wp-image-1758\" alt=\"\" srcset=\"https:\/\/acquasport.it\/vendita-piscine\/wp-content\/uploads\/2026\/02\/35.jpg 400w, https:\/\/acquasport.it\/vendita-piscine\/wp-content\/uploads\/2026\/02\/35-300x300.jpg 300w, https:\/\/acquasport.it\/vendita-piscine\/wp-content\/uploads\/2026\/02\/35-150x150.jpg 150w\" sizes=\"(max-width: 400px) 100vw, 400px\" \/>\t\t\t\t\t\t\t\t<\/a>\n\t\t\t\t\t\t\t\t\t\t\t\t\t\t\t<\/div>\n\t\t\t\t<\/div>\n\t\t\t\t\t<\/div>\n\t\t\t\t<\/div>\n\t\t<div class=\"elementor-element elementor-element-8ec3a2b e-flex e-con-boxed e-con e-parent\" data-id=\"8ec3a2b\" data-element_type=\"container\" data-e-type=\"container\">\n\t\t\t\t\t<div class=\"e-con-inner\">\n\t\t<div class=\"elementor-element elementor-element-a38fbf9 e-con-full e-flex e-con e-child\" data-id=\"a38fbf9\" data-element_type=\"container\" data-e-type=\"container\">\n\t\t\t\t<div class=\"elementor-element elementor-element-29f4b60 elementor-widget elementor-widget-gallery\" data-id=\"29f4b60\" data-element_type=\"widget\" data-e-type=\"widget\" data-settings=\"{&quot;columns&quot;:3,&quot;lazyload&quot;:&quot;yes&quot;,&quot;gallery_layout&quot;:&quot;grid&quot;,&quot;columns_tablet&quot;:2,&quot;columns_mobile&quot;:1,&quot;gap&quot;:{&quot;unit&quot;:&quot;px&quot;,&quot;size&quot;:10,&quot;sizes&quot;:[]},&quot;gap_tablet&quot;:{&quot;unit&quot;:&quot;px&quot;,&quot;size&quot;:10,&quot;sizes&quot;:[]},&quot;gap_mobile&quot;:{&quot;unit&quot;:&quot;px&quot;,&quot;size&quot;:10,&quot;sizes&quot;:[]},&quot;link_to&quot;:&quot;file&quot;,&quot;aspect_ratio&quot;:&quot;3:2&quot;,&quot;overlay_background&quot;:&quot;yes&quot;,&quot;content_hover_animation&quot;:&quot;fade-in&quot;}\" data-widget_type=\"gallery.default\">\n\t\t\t\t\t\t\t<div class=\"elementor-gallery__container\">\n\t\t\t\t\t\t\t<a class=\"e-gallery-item elementor-gallery-item elementor-animated-content\" href=\"https:\/\/acquasport.it\/vendita-piscine\/wp-content\/uploads\/2026\/02\/o_1b1mqad2i135jn4tnvg6o31mrap-1024x765-1-2.jpg\" data-elementor-open-lightbox=\"yes\" data-elementor-lightbox-slideshow=\"29f4b60\" data-e-action-hash=\"#elementor-action%3Aaction%3Dlightbox%26settings%3DeyJpZCI6MTc1MiwidXJsIjoiaHR0cHM6XC9cL2FjcXVhc3BvcnQuaXRcL3ZlbmRpdGEtcGlzY2luZVwvd3AtY29udGVudFwvdXBsb2Fkc1wvMjAyNlwvMDJcL29fMWIxbXFhZDJpMTM1am40dG52ZzZvMzFtcmFwLTEwMjR4NzY1LTEtMi5qcGciLCJzbGlkZXNob3ciOiIyOWY0YjYwIn0%3D\">\n\t\t\t\t\t<div class=\"e-gallery-image elementor-gallery-item__image\" data-thumbnail=\"https:\/\/acquasport.it\/vendita-piscine\/wp-content\/uploads\/2026\/02\/o_1b1mqad2i135jn4tnvg6o31mrap-1024x765-1-2.jpg\" data-width=\"1024\" data-height=\"765\" aria-label=\"\" role=\"img\" ><\/div>\n\t\t\t\t\t\t\t\t\t\t\t<div class=\"elementor-gallery-item__overlay\"><\/div>\n\t\t\t\t\t\t\t\t\t\t\t\t\t\t<\/a>\n\t\t\t\t\t\t\t<a class=\"e-gallery-item elementor-gallery-item elementor-animated-content\" href=\"https:\/\/acquasport.it\/vendita-piscine\/wp-content\/uploads\/2026\/02\/o_1b1mq7m621c9qldi1lda182bt4ja-1024x576-1-1.jpg\" data-elementor-open-lightbox=\"yes\" data-elementor-lightbox-slideshow=\"29f4b60\" data-e-action-hash=\"#elementor-action%3Aaction%3Dlightbox%26settings%3DeyJpZCI6MTc1MSwidXJsIjoiaHR0cHM6XC9cL2FjcXVhc3BvcnQuaXRcL3ZlbmRpdGEtcGlzY2luZVwvd3AtY29udGVudFwvdXBsb2Fkc1wvMjAyNlwvMDJcL29fMWIxbXE3bTYyMWM5cWxkaTFsZGExODJidDRqYS0xMDI0eDU3Ni0xLTEuanBnIiwic2xpZGVzaG93IjoiMjlmNGI2MCJ9\">\n\t\t\t\t\t<div class=\"e-gallery-image elementor-gallery-item__image\" data-thumbnail=\"https:\/\/acquasport.it\/vendita-piscine\/wp-content\/uploads\/2026\/02\/o_1b1mq7m621c9qldi1lda182bt4ja-1024x576-1-1.jpg\" data-width=\"1024\" data-height=\"576\" aria-label=\"\" role=\"img\" ><\/div>\n\t\t\t\t\t\t\t\t\t\t\t<div class=\"elementor-gallery-item__overlay\"><\/div>\n\t\t\t\t\t\t\t\t\t\t\t\t\t\t<\/a>\n\t\t\t\t\t\t\t<a class=\"e-gallery-item elementor-gallery-item elementor-animated-content\" href=\"https:\/\/acquasport.it\/vendita-piscine\/wp-content\/uploads\/2026\/02\/o_1b1mqakff9iv1ktnt6sb3lc9v-1024x765-1-1.jpg\" data-elementor-open-lightbox=\"yes\" data-elementor-lightbox-slideshow=\"29f4b60\" data-e-action-hash=\"#elementor-action%3Aaction%3Dlightbox%26settings%3DeyJpZCI6MTc1MCwidXJsIjoiaHR0cHM6XC9cL2FjcXVhc3BvcnQuaXRcL3ZlbmRpdGEtcGlzY2luZVwvd3AtY29udGVudFwvdXBsb2Fkc1wvMjAyNlwvMDJcL29fMWIxbXFha2ZmOWl2MWt0bnQ2c2IzbGM5di0xMDI0eDc2NS0xLTEuanBnIiwic2xpZGVzaG93IjoiMjlmNGI2MCJ9\">\n\t\t\t\t\t<div class=\"e-gallery-image elementor-gallery-item__image\" data-thumbnail=\"https:\/\/acquasport.it\/vendita-piscine\/wp-content\/uploads\/2026\/02\/o_1b1mqakff9iv1ktnt6sb3lc9v-1024x765-1-1.jpg\" data-width=\"1024\" data-height=\"765\" aria-label=\"\" role=\"img\" ><\/div>\n\t\t\t\t\t\t\t\t\t\t\t<div class=\"elementor-gallery-item__overlay\"><\/div>\n\t\t\t\t\t\t\t\t\t\t\t\t\t\t<\/a>\n\t\t\t\t\t\t\t<a class=\"e-gallery-item elementor-gallery-item elementor-animated-content\" href=\"https:\/\/acquasport.it\/vendita-piscine\/wp-content\/uploads\/2026\/02\/o_1b1mqa07h1d301qb3m16501hpik-1-1.jpg\" data-elementor-open-lightbox=\"yes\" data-elementor-lightbox-slideshow=\"29f4b60\" data-e-action-hash=\"#elementor-action%3Aaction%3Dlightbox%26settings%3DeyJpZCI6MTc0OSwidXJsIjoiaHR0cHM6XC9cL2FjcXVhc3BvcnQuaXRcL3ZlbmRpdGEtcGlzY2luZVwvd3AtY29udGVudFwvdXBsb2Fkc1wvMjAyNlwvMDJcL29fMWIxbXFhMDdoMWQzMDFxYjNtMTY1MDFocGlrLTEtMS5qcGciLCJzbGlkZXNob3ciOiIyOWY0YjYwIn0%3D\">\n\t\t\t\t\t<div class=\"e-gallery-image elementor-gallery-item__image\" data-thumbnail=\"https:\/\/acquasport.it\/vendita-piscine\/wp-content\/uploads\/2026\/02\/o_1b1mqa07h1d301qb3m16501hpik-1-1.jpg\" data-width=\"640\" data-height=\"480\" aria-label=\"\" role=\"img\" ><\/div>\n\t\t\t\t\t\t\t\t\t\t\t<div class=\"elementor-gallery-item__overlay\"><\/div>\n\t\t\t\t\t\t\t\t\t\t\t\t\t\t<\/a>\n\t\t\t\t\t\t\t<a class=\"e-gallery-item elementor-gallery-item elementor-animated-content\" href=\"https:\/\/acquasport.it\/vendita-piscine\/wp-content\/uploads\/2026\/02\/o_1b1mqb7av1ggp16epcjp182k1isa15-1-1024x765-1-1.jpg\" data-elementor-open-lightbox=\"yes\" data-elementor-lightbox-slideshow=\"29f4b60\" data-e-action-hash=\"#elementor-action%3Aaction%3Dlightbox%26settings%3DeyJpZCI6MTc0OCwidXJsIjoiaHR0cHM6XC9cL2FjcXVhc3BvcnQuaXRcL3ZlbmRpdGEtcGlzY2luZVwvd3AtY29udGVudFwvdXBsb2Fkc1wvMjAyNlwvMDJcL29fMWIxbXFiN2F2MWdncDE2ZXBjanAxODJrMWlzYTE1LTEtMTAyNHg3NjUtMS0xLmpwZyIsInNsaWRlc2hvdyI6IjI5ZjRiNjAifQ%3D%3D\">\n\t\t\t\t\t<div class=\"e-gallery-image elementor-gallery-item__image\" data-thumbnail=\"https:\/\/acquasport.it\/vendita-piscine\/wp-content\/uploads\/2026\/02\/o_1b1mqb7av1ggp16epcjp182k1isa15-1-1024x765-1-1.jpg\" data-width=\"1024\" data-height=\"765\" aria-label=\"\" role=\"img\" ><\/div>\n\t\t\t\t\t\t\t\t\t\t\t<div class=\"elementor-gallery-item__overlay\"><\/div>\n\t\t\t\t\t\t\t\t\t\t\t\t\t\t<\/a>\n\t\t\t\t\t\t\t<a class=\"e-gallery-item elementor-gallery-item elementor-animated-content\" href=\"https:\/\/acquasport.it\/vendita-piscine\/wp-content\/uploads\/2026\/02\/o_1b1mqbcgc1oaodaluremkv1kdn1b-1-1024x575-1-1.jpg\" data-elementor-open-lightbox=\"yes\" data-elementor-lightbox-slideshow=\"29f4b60\" data-e-action-hash=\"#elementor-action%3Aaction%3Dlightbox%26settings%3DeyJpZCI6MTc0NywidXJsIjoiaHR0cHM6XC9cL2FjcXVhc3BvcnQuaXRcL3ZlbmRpdGEtcGlzY2luZVwvd3AtY29udGVudFwvdXBsb2Fkc1wvMjAyNlwvMDJcL29fMWIxbXFiY2djMW9hb2RhbHVyZW1rdjFrZG4xYi0xLTEwMjR4NTc1LTEtMS5qcGciLCJzbGlkZXNob3ciOiIyOWY0YjYwIn0%3D\">\n\t\t\t\t\t<div class=\"e-gallery-image elementor-gallery-item__image\" data-thumbnail=\"https:\/\/acquasport.it\/vendita-piscine\/wp-content\/uploads\/2026\/02\/o_1b1mqbcgc1oaodaluremkv1kdn1b-1-1024x575-1-1.jpg\" data-width=\"1024\" data-height=\"575\" aria-label=\"\" role=\"img\" ><\/div>\n\t\t\t\t\t\t\t\t\t\t\t<div class=\"elementor-gallery-item__overlay\"><\/div>\n\t\t\t\t\t\t\t\t\t\t\t\t\t\t<\/a>\n\t\t\t\t\t<\/div>\n\t\t\t\t\t<\/div>\n\t\t\t\t<\/div>\n\t\t\t\t\t<\/div>\n\t\t\t\t<\/div>\n\t\t\t\t<\/div>\n\t\t","protected":false},"excerpt":{"rendered":"<p>Tapparella per piscina Estetica e funzionalit\u00e0 Tapparella per piscina Coperture per piscine di qualsiasi dimensione \u2013 Perugia e Umbria:La copertura a tapparella della piscina unisce estetica e funzionalit\u00e0. Oltre che bella ed elegante infatti offre altri numerosi vantaggi.Innanzitutto limita la dispersione termica nelle ore pi\u00f9 fresche della giornata riducendo al minimo le perdite di calore.Impedisce [&hellip;]<\/p>\n","protected":false},"author":1,"featured_media":0,"parent":0,"menu_order":0,"comment_status":"closed","ping_status":"closed","template":"elementor_header_footer","meta":{"footnotes":""},"class_list":["post-1670","page","type-page","status-publish","hentry"],"_links":{"self":[{"href":"https:\/\/acquasport.it\/vendita-piscine\/wp-json\/wp\/v2\/pages\/1670","targetHints":{"allow":["GET"]}}],"collection":[{"href":"https:\/\/acquasport.it\/vendita-piscine\/wp-json\/wp\/v2\/pages"}],"about":[{"href":"https:\/\/acquasport.it\/vendita-piscine\/wp-json\/wp\/v2\/types\/page"}],"author":[{"embeddable":true,"href":"https:\/\/acquasport.it\/vendita-piscine\/wp-json\/wp\/v2\/users\/1"}],"replies":[{"embeddable":true,"href":"https:\/\/acquasport.it\/vendita-piscine\/wp-json\/wp\/v2\/comments?post=1670"}],"version-history":[{"count":22,"href":"https:\/\/acquasport.it\/vendita-piscine\/wp-json\/wp\/v2\/pages\/1670\/revisions"}],"predecessor-version":[{"id":1912,"href":"https:\/\/acquasport.it\/vendita-piscine\/wp-json\/wp\/v2\/pages\/1670\/revisions\/1912"}],"wp:attachment":[{"href":"https:\/\/acquasport.it\/vendita-piscine\/wp-json\/wp\/v2\/media?parent=1670"}],"curies":[{"name":"wp","href":"https:\/\/api.w.org\/{rel}","templated":true}]}}